te the remainder when 3636 is divided by 1209.
9
Calculate the remainder when 53148 is divided by 24.
12
Calculate the remainder when 10815 is divided by 3560.
135
What is the remainder when 115338 is divided by 7?
6
What is the remainder when 8112 is divided by 203?
195
What is the remainder when 8532 is divided by 2814?
90
What is the remainder when 14754 is divided by 78?
12
What is the remainder when 3787 is divided by 24?
19
Calculate the remainder when 5601 is divided by 66.
57
Calculate the remainder when 101240 is divided by 33597.
449
What is the remainder when 1071 is divided by 330?
81
Calculate the remainder when 1802 is divided by 849.
104
Calculate the remainder when 8930 is divided by 2973.
11
What is the remainder when 612039 is divided by 87427?
50
What is the remainder when 55466 is divided by 2640?
26
What is the remainder when 903 is divided by 156?
123
What is the remainder when 1218 is divided by 284?
82
What is the remainder when 145558 is divided by 910?
868
What is the remainder when 356 is divided by 95?
71
Calculate the remainder when 366870 is divided by 81.
21
What is the remainder when 24784 is divided by 44?
12
Calculate the remainder when 21862 is divided by 1559.
36
What is the remainder when 38321 is divided by 67?
64
Calculate the remainder when 64757 is divided by 503.
373
Calculate the remainder when 135482 is divided by 35.
32
Calculate the remainder when 6522 is divided by 479.
295
What is the remainder when 39662 is divided by 13215?
17
What is the remainder when 2589 is divided by 23?
13
Calculate the remainder when 1638 is divided by 104.
78
Calculate the remainder when 1137968 is divided by 20.
8
What is the remainder when 109733 is divided by 36542?
107
What is the remainder when 5815 is divided by 956?
79
Calculate the remainder when 14578 is divided by 7280.
18
Calculate the remainder when 704729 is divided by 234906.
11
What is the remainder when 1187 is divided by 121?
98
Calculate the remainder when 11338 is divided by 632.
594
What is the remainder when 820423 is divided by 530?
513
Calculate the remainder when 44162 is divided by 2002.
118
What is the remainder when 26654 is divided by 492?
86
Calculate the remainder when 7017 is divided by 1636.
473
Calculate the remainder when 159658 is divided by 12279.
31
Calculate the remainder when 223370 is divided by 111681.
8
Calculate the remainder when 15348 is divided by 16.
4
Calculate the remainder when 704 is divided by 214.
62
What is the remainder when 3659 is divided by 2647?
1012
Calculate the remainder when 40015 is divided by 4.
3
What is the remainder when 1815 is divided by 589?
48
What is the remainder when 80767 is divided by 38?
17
What is the remainder when 779 is divided by 58?
25
What is the remainder when 23445 is divided by 5848?
53
What is the remainder when 145806 is divided by 52?
50
Calculate the remainder when 10065 is divided by 316.
269
Calculate the remainder when 930 is divided by 139.
96
What is the remainder when 4433 is divided by 877?
48
What is the remainder when 323451 is divided by 92?
71
What is the remainder when 5783 is divided by 138?
125
Calculate the remainder when 32509 is divided by 152.
133
Calculate the remainder when 4084 is divided by 64.
52
What is the remainder when 5175 is divided by 499?
185
Calculate the remainder when 14532 is divided by 184.
180
What is the remainder when 5410 is divided by 86?
78
What is the remainder when 1133 is divided by 223?
18
Calculate the remainder when 294177 is divided by 931.
912
Calculate the remainder when 17964 is divided by 2564.
16
What is the remainder when 1426 is divided by 709?
8
Calculate the remainder when 6621 is divided by 812.
125
Calculate the remainder when 318133 is divided by 118.
5
What is the remainder when 21324 is divided by 5147?
736
Calculate the remainder when 16840 is divided by 1527.
43
Calculate the remainder when 206706 is divided by 27.
21
Calculate the remainder when 30609 is divided by 98.
33
Calculate the remainder when 381 is divided by 193.
188
Calculate the remainder when 72543 is divided by 318.
39
What is the remainder when 3872 is divided by 1274?
50
What is the remainder when 334325 is divided by 32?
21
Calculate the remainder when 501036 is divided by 297.
294
Calculate the remainder when 1028 is divided by 14.
6
Calculate the remainder when 80465 is divided by 712.
9
What is the remainder when 280419 is divided by 10785?
9
What is the remainder when 10728 is divided by 278?
164
Calculate the remainder when 42483 is divided by 4248.
3
What is the remainder when 395 is divided by 40?
35
What is the remainder when 1612 is divided by 45?
37
Calculate the remainder when 19291 is divided by 714.
13
What is the remainder when 10577 is divided by 881?
5
What is the remainder when 25523 is divided by 637?
43
What is the remainder when 3466 is divided by 1723?
20
What is the remainder when 17391 is divided by 223?
220
What is the remainder when 3510 is divided by 124?
38
Calculate the remainder when 5836 is divided by 667.
500
Calculate the remainder when 1443422 is divided by 1521.
1514
What is the remainder when 15938 is divided by 33?
32
What is the remainder when 86968 is divided by 5115?
13
What is the remainder when 7108 is divided by 1742?
140
What is the remainder when 22421 is divided by 974?
19
What is the remainder when 14272 is divided by 3568?
0
Calculate the remainder when 574 is divided by 483.
91
What is the remainder when 33322 is divided by 26?
16
What is the remainder when 13174 is divided by 49?
42
What is the remainder when 288257 is divided by 449?
448
Calculate the remainder when 188696 is divided by 42.
32
What is the remainder when 65709 is divided by 13137?
24
What is the remainder when 633 is divided by 214?
205
Calculate the remainder when 84553 is divided by 215.
58
Calculate the remainder when 948 is divided by 231.
24
Calculate the remainder when 7126 is divided by 710.
26
Calculate the remainder when 3562 is divided by 132.
130
Calculate the remainder when 34925 is divided by 8711.
81
Calculate the remainder when 207105 is divided by 20709.
15
What is the remainder when 711556 is divided by 83?
80
What is the remainder when 7019 is divided by 3202?
615
Calculate the remainder when 44118 is divided by 22033.
52
Calculate the remainder when 54508 is divided by 562.
556
Calculate the remainder when 2470795 is divided by 119.
117
Calculate the remainder when 89262 is divided by 113.
105
What is the remainder when 2925 is divided by 935?
120
What is the remainder when 1682 is divided by 35?
2
What is the remainder when 22100 is divided by 257?
255
What is the remainder when 113237 is divided by 267?
29
Calculate the remainder when 21788 is divided by 10893.
2
What is the remainder when 101710 is divided by 13?
11
Calculate the remainder when 312 is divided by 34.
6
Calculate the remainder when 22451 is divided by 34.
11
Calculate the remainder when 115 is divided by 52.
11
What is the remainder when 88 is divided by 56?
32
What is the remainder when 218371 is divided by 877?
875
What is the remainder when 32227 is divided by 10741?
4
What is the remainder when 81628 is divided by 20394?
52
Calculate the remainder when 10845 is divided by 168.
93
Calculate the remainder when 4925 is divided by 4915.
10
What is the remainder when 348443 is divided by 49777?
4
Calculate the remainder when 505894 is divided by 197.
195
Calculate the remainder when 114397 is divided by 176.
173
Calculate the remainder when 9309 is divided by 2301.
105
What is the remainder when 8374 is divided by 220?
14
What is the remainder when 82242 is divided by 41?
37
What is the remainder when 67259 is divided by 26?
23
Calculate the remainder when 2477 is divided by 32.
13
What is the remainder when 1139 is divided by 25?
14
Calculate the remainder when 6165 is divided by 46.
1
Calculate the remainder when 13826 is divided by 117.
20
Calculate the remainder when 131743 is divided by 20.
3
Calculate the remainder when 964002 is divided by 17527.
17
Calculate the remainder when 6063 is divided by 879.
789
What is the remainder when 277483 is divided by 343?
339
What is the remainder when 194269 is divided by 8?
5
Calculate the remainder